[INFO] cloning repository https://github.com/cjbassi/neotop
[INFO] running `Command { std: "git" "-c" "credential.helper=" "-c" "credential.helper=/workspace/cargo-home/bin/git-credential-null" "clone" "--bare" "https://github.com/cjbassi/neotop" "/workspace/cache/git-repos/https%3A%2F%2Fgithub.com%2Fcjbassi%2Fneotop", kill_on_drop: false }`
[INFO] [stderr] Cloning into bare repository '/workspace/cache/git-repos/https%3A%2F%2Fgithub.com%2Fcjbassi%2Fneotop'...
[INFO] running `Command { std: "git" "rev-parse" "HEAD", kill_on_drop: false }`
[INFO] [stdout] b041c2ca4fb4a082447a34052df65fdc4532d37d
[INFO] checking cjbassi/neotop against master#9610dfe5a9a731ced1ea4923ecbd0c57fe367898 for beta-170-4
[INFO] running `Command { std: "git" "clone" "/workspace/cache/git-repos/https%3A%2F%2Fgithub.com%2Fcjbassi%2Fneotop" "/workspace/builds/worker-3-tc1/source", kill_on_drop: false }`
[INFO] [stderr] Cloning into '/workspace/builds/worker-3-tc1/source'...
[INFO] [stderr] done.
[INFO] validating manifest of git repo https://github.com/cjbassi/neotop on toolchain 9610dfe5a9a731ced1ea4923ecbd0c57fe367898
[INFO] running `Command { std: CARGO_HOME="/workspace/cargo-home" RUSTUP_HOME="/workspace/rustup-home" "/workspace/cargo-home/bin/cargo" "+9610dfe5a9a731ced1ea4923ecbd0c57fe367898" "metadata" "--manifest-path" "Cargo.toml" "--no-deps", kill_on_drop: false }`
[INFO] started tweaking git repo https://github.com/cjbassi/neotop
[INFO] finished tweaking git repo https://github.com/cjbassi/neotop
[INFO] tweaked toml for git repo https://github.com/cjbassi/neotop written to /workspace/builds/worker-3-tc1/source/Cargo.toml
[INFO] crate git repo https://github.com/cjbassi/neotop already has a lockfile, it will not be regenerated
[INFO] running `Command { std: CARGO_HOME="/workspace/cargo-home" RUSTUP_HOME="/workspace/rustup-home" "/workspace/cargo-home/bin/cargo" "+9610dfe5a9a731ced1ea4923ecbd0c57fe367898" "fetch" "--manifest-path" "Cargo.toml", kill_on_drop: false }`
[INFO] [stderr]     Blocking waiting for file lock on package cache
[INFO] [stderr]     Updating crates.io index
[INFO] [stderr]  Downloading crates ...
[INFO] [stderr]   Downloaded platform-dirs v0.2.0
[INFO] [stderr]   Downloaded ctrlc v3.1.7
[INFO] [stderr]   Downloaded darwin-libproc v0.1.2
[INFO] [stderr]   Downloaded tui v0.13.0
[INFO] [stderr]   Downloaded darwin-libproc-sys v0.1.2
[INFO] [stderr]   Downloaded psutil v3.2.0
[INFO] [stderr]   Downloaded size v0.1.2
[INFO] [stderr]   Downloaded better-panic v0.2.0
[INFO] running `Command { std: "docker" "create" "-v" "/var/lib/crater-agent-workspace/builds/worker-3-tc1/target:/opt/rustwide/target:rw,Z" "-v" "/var/lib/crater-agent-workspace/builds/worker-3-tc1/source:/opt/rustwide/workdir:ro,Z" "-v" "/var/lib/crater-agent-workspace/cargo-home:/opt/rustwide/cargo-home:ro,Z" "-v" "/var/lib/crater-agent-workspace/rustup-home:/opt/rustwide/rustup-home:ro,Z" "-e" "SOURCE_DIR=/opt/rustwide/workdir" "-e" "CARGO_TARGET_DIR=/opt/rustwide/target" "-e" "CARGO_HOME=/opt/rustwide/cargo-home" "-e" "RUSTUP_HOME=/opt/rustwide/rustup-home" "-w" "/opt/rustwide/workdir" "-m" "1610612736" "--user" "0:0" "--network" "none" "ghcr.io/rust-lang/crates-build-env/linux@sha256:19e73879b68f455e41552ea35293514db52ea292d993f571636dbffedb77a1ee" "/opt/rustwide/cargo-home/bin/cargo" "+9610dfe5a9a731ced1ea4923ecbd0c57fe367898" "metadata" "--no-deps" "--format-version=1", kill_on_drop: false }`
[INFO] [stdout] 508bd77cb64dd130ef27509f051fed557d9d3bb8f608c0cc601a884cb35d737f
[INFO] running `Command { std: "docker" "start" "-a" "508bd77cb64dd130ef27509f051fed557d9d3bb8f608c0cc601a884cb35d737f", kill_on_drop: false }`
[INFO] running `Command { std: "docker" "inspect" "508bd77cb64dd130ef27509f051fed557d9d3bb8f608c0cc601a884cb35d737f", kill_on_drop: false }`
[INFO] running `Command { std: "docker" "rm" "-f" "508bd77cb64dd130ef27509f051fed557d9d3bb8f608c0cc601a884cb35d737f", kill_on_drop: false }`
[INFO] [stdout] 508bd77cb64dd130ef27509f051fed557d9d3bb8f608c0cc601a884cb35d737f
[INFO] running `Command { std: "docker" "create" "-v" "/var/lib/crater-agent-workspace/builds/worker-3-tc1/target:/opt/rustwide/target:rw,Z" "-v" "/var/lib/crater-agent-workspace/builds/worker-3-tc1/source:/opt/rustwide/workdir:ro,Z" "-v" "/var/lib/crater-agent-workspace/cargo-home:/opt/rustwide/cargo-home:ro,Z" "-v" "/var/lib/crater-agent-workspace/rustup-home:/opt/rustwide/rustup-home:ro,Z" "-e" "SOURCE_DIR=/opt/rustwide/workdir" "-e" "CARGO_TARGET_DIR=/opt/rustwide/target" "-e" "CARGO_INCREMENTAL=0" "-e" "RUST_BACKTRACE=full" "-e" "RUSTFLAGS=--cap-lints=forbid" "-e" "RUSTDOCFLAGS=--cap-lints=forbid" "-e" "CARGO_HOME=/opt/rustwide/cargo-home" "-e" "RUSTUP_HOME=/opt/rustwide/rustup-home" "-w" "/opt/rustwide/workdir" "-m" "1610612736" "--user" "0:0" "--network" "none" "ghcr.io/rust-lang/crates-build-env/linux@sha256:19e73879b68f455e41552ea35293514db52ea292d993f571636dbffedb77a1ee" "/opt/rustwide/cargo-home/bin/cargo" "+9610dfe5a9a731ced1ea4923ecbd0c57fe367898" "check" "--frozen" "--all" "--all-targets" "--message-format=json", kill_on_drop: false }`
[INFO] [stdout] 1a295051f9ea6e867e36e2741b564a8b01f51bed1dd4a184a6634f04905fc99e
[INFO] running `Command { std: "docker" "start" "-a" "1a295051f9ea6e867e36e2741b564a8b01f51bed1dd4a184a6634f04905fc99e", kill_on_drop: false }`
[INFO] [stderr]    Compiling libc v0.2.80
[INFO] [stderr]    Compiling autocfg v1.0.0
[INFO] [stderr]    Compiling syn v1.0.48
[INFO] [stderr]    Compiling version_check v0.9.1
[INFO] [stderr]    Compiling cc v1.0.52
[INFO] [stderr]     Checking arc-swap v0.4.6
[INFO] [stderr]     Checking smallvec v1.4.0
[INFO] [stderr]     Checking unicode-width v0.1.7
[INFO] [stderr]    Compiling const_fn v0.4.3
[INFO] [stderr]     Checking instant v0.1.8
[INFO] [stderr]    Compiling nix v0.18.0
[INFO] [stderr]     Checking regex-syntax v0.6.17
[INFO] [stderr]    Compiling proc-macro2 v1.0.24
[INFO] [stderr]     Checking log v0.4.8
[INFO] [stderr]     Checking lock_api v0.4.1
[INFO] [stderr]    Compiling nix v0.17.0
[INFO] [stderr]    Compiling unicode-segmentation v1.6.0
[INFO] [stderr]     Checking textwrap v0.11.0
[INFO] [stderr]    Compiling anyhow v1.0.34
[INFO] [stderr]     Checking unescape v0.1.0
[INFO] [stderr]     Checking glob v0.3.0
[INFO] [stderr]     Checking platforms v0.2.1
[INFO] [stderr]     Checking once_cell v1.5.2
[INFO] [stderr]    Compiling heck v0.3.1
[INFO] [stderr]    Compiling proc-macro-error-attr v1.0.2
[INFO] [stderr]    Compiling proc-macro-error v1.0.2
[INFO] [stderr]    Compiling num-traits v0.2.11
[INFO] [stderr]    Compiling num-integer v0.1.42
[INFO] [stderr]    Compiling num-bigint v0.3.1
[INFO] [stderr]    Compiling crossbeam-utils v0.8.0
[INFO] [stderr]    Compiling num-rational v0.3.2
[INFO] [stderr]    Compiling quote v1.0.4
[INFO] [stderr]    Compiling backtrace-sys v0.1.37
[INFO] [stderr]     Checking regex v1.3.7
[INFO] [stderr]     Checking size v0.1.2
[INFO] [stderr]     Checking crossbeam-channel v0.5.0
[INFO] [stderr]     Checking signal-hook-registry v1.2.0
[INFO] [stderr]     Checking mio v0.7.6
[INFO] [stderr]     Checking parking_lot_core v0.8.0
[INFO] [stderr]     Checking dirs-sys v0.3.5
[INFO] [stderr]     Checking clicolors-control v1.0.1
[INFO] [stderr]     Checking atty v0.2.14
[INFO] [stderr]     Checking termios v0.3.2
[INFO] [stderr]     Checking num_cpus v1.13.0
[INFO] [stderr]     Checking time v0.1.43
[INFO] [stderr]     Checking clap v2.33.0
[INFO] [stderr]     Checking console v0.9.2
[INFO] [stderr]     Checking dirs v2.0.2
[INFO] [stderr]     Checking platform-dirs v0.2.0
[INFO] [stderr]     Checking parking_lot v0.11.0
[INFO] [stderr]     Checking signal-hook v0.1.16
[INFO] [stderr]     Checking backtrace v0.3.46
[INFO] [stderr]     Checking chrono v0.4.19
[INFO] [stderr]     Checking crossterm v0.18.2
[INFO] [stderr]     Checking better-panic v0.2.0
[INFO] [stderr]     Checking tui v0.13.0
[INFO] [stderr]    Compiling syn-mid v0.5.0
[INFO] [stderr]     Checking ctrlc v3.1.7
[INFO] [stderr]    Compiling thiserror-impl v1.0.22
[INFO] [stderr]    Compiling derive_more v0.99.5
[INFO] [stderr]    Compiling structopt-derive v0.4.13
[INFO] [stderr]     Checking thiserror v1.0.22
[INFO] [stderr]     Checking psutil v3.2.0
[INFO] [stderr]     Checking structopt v0.3.20
[INFO] [stderr]     Checking neotop v0.1.0 (/opt/rustwide/workdir)
[INFO] [stdout] error[E0428]: the name `draw_widgets` is defined multiple times
[INFO] [stdout]   --> src/draw.rs:20:1
[INFO] [stdout]    |
[INFO] [stdout] 7  | pub fn draw_widgets<B: Backend>(terminal: &mut Terminal<B>, app: &mut App) {
[INFO] [stdout]    | -------------------------------------------------------------------------- previous definition of the value `draw_widgets` here
[INFO] [stdout] ...
[INFO] [stdout] 20 | pub fn draw_widgets<B: Backend>(frame: &mut Frame<B>, widgets: &mut Widgets, area: Rect) {}
[INFO] [stdout]    | ^^^^^^^^^^^^^^^^^^^^^^^^^^^^^^^^^^^^^^^^^^^^^^^^^^^^^^^^^^^^^^^^^^^^^^^^^^^^^^^^^^^^^^^^ `draw_widgets` redefined here
[INFO] [stdout]    |
[INFO] [stdout]    = note: `draw_widgets` must be defined only once in the value namespace of this module
[INFO] [stdout] 
[INFO] [stdout] 
[INFO] [stdout] error[E0428]: the name `draw_widgets` is defined multiple times
[INFO] [stdout]   --> src/draw.rs:20:1
[INFO] [stdout]    |
[INFO] [stdout] 7  | pub fn draw_widgets<B: Backend>(terminal: &mut Terminal<B>, app: &mut App) {
[INFO] [stdout]    | -------------------------------------------------------------------------- previous definition of the value `draw_widgets` here
[INFO] [stdout] ...
[INFO] [stdout] 20 | pub fn draw_widgets<B: Backend>(frame: &mut Frame<B>, widgets: &mut Widgets, area: Rect) {}
[INFO] [stdout]    | ^^^^^^^^^^^^^^^^^^^^^^^^^^^^^^^^^^^^^^^^^^^^^^^^^^^^^^^^^^^^^^^^^^^^^^^^^^^^^^^^^^^^^^^^ `draw_widgets` redefined here
[INFO] [stdout]    |
[INFO] [stdout]    = note: `draw_widgets` must be defined only once in the value namespace of this module
[INFO] [stdout] 
[INFO] [stdout] 
[INFO] [stdout] error[E0425]: cannot find value `widgets` in this scope
[INFO] [stdout]   --> src/draw.rs:14:24
[INFO] [stdout]    |
[INFO] [stdout] 14 |             draw_top_row(frame, widgets, vertical_chunks[0]);
[INFO] [stdout]    |                                 ^^^^^^^ not found in this scope
[INFO] [stdout] 
[INFO] [stdout] 
[INFO] [stdout] error[E0425]: cannot find value `widgets` in this scope
[INFO] [stdout]   --> src/draw.rs:15:27
[INFO] [stdout]    |
[INFO] [stdout] 15 |             draw_bottom_row(frame, widgets, vertical_chunks[1]);
[INFO] [stdout]    |                                    ^^^^^^^ not found in this scope
[INFO] [stdout] 
[INFO] [stdout] 
[INFO] [stdout] error[E0425]: cannot find value `widgets` in this scope
[INFO] [stdout]   --> src/draw.rs:14:24
[INFO] [stdout]    |
[INFO] [stdout] 14 |             draw_top_row(frame, widgets, vertical_chunks[0]);
[INFO] [stdout]    |                                 ^^^^^^^ not found in this scope
[INFO] [stdout] 
[INFO] [stdout] 
[INFO] [stdout] error[E0425]: cannot find value `widgets` in this scope
[INFO] [stdout]   --> src/draw.rs:15:27
[INFO] [stdout]    |
[INFO] [stdout] 15 |             draw_bottom_row(frame, widgets, vertical_chunks[1]);
[INFO] [stdout]    |                                    ^^^^^^^ not found in this scope
[INFO] [stdout] 
[INFO] [stdout] 
[INFO] [stdout] error[E0609]: no field `net` on type `&mut Widgets`
[INFO] [stdout]   --> src/draw.rs:35:29
[INFO] [stdout]    |
[INFO] [stdout] 35 |     if let Some(net) = widgets.net.as_ref() {
[INFO] [stdout]    |                                ^^^ unknown field
[INFO] [stdout]    |
[INFO] [stdout]    = note: available fields are: `cpu_and_mem`, `misc_info`, `proc`
[INFO] [stdout] 
[INFO] [stdout] 
[INFO] [stdout] error[E0609]: no field `net` on type `&mut Widgets`
[INFO] [stdout]   --> src/draw.rs:35:29
[INFO] [stdout]    |
[INFO] [stdout] 35 |     if let Some(net) = widgets.net.as_ref() {
[INFO] [stdout]    |                                ^^^ unknown field
[INFO] [stdout]    |
[INFO] [stdout]    = note: available fields are: `cpu_and_mem`, `misc_info`, `proc`
[INFO] [stdout] 
[INFO] [stdout] 
[INFO] [stdout] error[E0425]: cannot find function `draw` in this scope
[INFO] [stdout]   --> src/draw.rs:54:2
[INFO] [stdout]    |
[INFO] [stdout] 54 |     draw(terminal, app);
[INFO] [stdout]    |     ^^^^ not found in this scope
[INFO] [stdout]    |
[INFO] [stdout] help: use the `.` operator to call the method `draw` on `&mut Terminal<B>`
[INFO] [stdout]    |
[INFO] [stdout] 54 -     draw(terminal, app);
[INFO] [stdout] 54 +     terminal.draw(app);
[INFO] [stdout]    |
[INFO] [stdout] 
[INFO] [stdout] 
[INFO] [stdout] error[E0425]: cannot find function `draw` in this scope
[INFO] [stdout]   --> src/draw.rs:54:2
[INFO] [stdout]    |
[INFO] [stdout] 54 |     draw(terminal, app);
[INFO] [stdout]    |     ^^^^ not found in this scope
[INFO] [stdout]    |
[INFO] [stdout] help: use the `.` operator to call the method `draw` on `&mut Terminal<B>`
[INFO] [stdout]    |
[INFO] [stdout] 54 -     draw(terminal, app);
[INFO] [stdout] 54 +     terminal.draw(app);
[INFO] [stdout]    |
[INFO] [stdout] 
[INFO] [stdout] 
[INFO] [stdout] error[E0599]: no function or associated item named `default` found for struct `VirtualMemory` in the current scope
[INFO] [stdout]   --> src/widgets/cpu_and_mem.rs:24:32
[INFO] [stdout]    |
[INFO] [stdout] 24 |             mem: memory::VirtualMemory::default(),
[INFO] [stdout]    |                                         ^^^^^^^ function or associated item not found in `VirtualMemory`
[INFO] [stdout] 
[INFO] [stdout] 
[INFO] [stdout] error[E0599]: no function or associated item named `default` found for struct `VirtualMemory` in the current scope
[INFO] [stdout]   --> src/widgets/cpu_and_mem.rs:24:32
[INFO] [stdout]    |
[INFO] [stdout] 24 |             mem: memory::VirtualMemory::default(),
[INFO] [stdout]    |                                         ^^^^^^^ function or associated item not found in `VirtualMemory`
[INFO] [stdout] 
[INFO] [stdout] 
[INFO] [stdout] error[E0599]: no function or associated item named `default` found for struct `SwapMemory` in the current scope
[INFO] [stdout]   --> src/widgets/cpu_and_mem.rs:25:29
[INFO] [stdout]    |
[INFO] [stdout] 25 |             swp: memory::SwapMemory::default(),
[INFO] [stdout]    |                                      ^^^^^^^ function or associated item not found in `SwapMemory`
[INFO] [stdout] 
[INFO] [stdout] 
[INFO] [stdout] error[E0599]: no function or associated item named `default` found for struct `SwapMemory` in the current scope
[INFO] [stdout]   --> src/widgets/cpu_and_mem.rs:25:29
[INFO] [stdout]    |
[INFO] [stdout] 25 |             swp: memory::SwapMemory::default(),
[INFO] [stdout]    |                                      ^^^^^^^ function or associated item not found in `SwapMemory`
[INFO] [stdout] 
[INFO] [stdout] 
[INFO] [stdout] error[E0277]: the trait bound `Text<'_>: From<std::slice::Iter<'_, Text<'_>>>` is not satisfied
[INFO] [stdout]   --> src/widgets/help_menu.rs:63:18
[INFO] [stdout]    |
[INFO] [stdout] 63 |         Paragraph::new(self.text_vec.iter()).render(area, buf);
[INFO] [stdout]    |         -------------- ^^^^^^^^^^^^^^^^^^^^ the trait `From<std::slice::Iter<'_, Text<'_>>>` is not implemented for `Text<'_>`
[INFO] [stdout]    |         |
[INFO] [stdout]    |         required by a bound introduced by this call
[INFO] [stdout]    |
[INFO] [stdout]    = help: the following other types implement trait `From<T>`:
[INFO] [stdout]              <Text<'a> as From<&'a str>>
[INFO] [stdout]              <Text<'a> as From<Span<'a>>>
[INFO] [stdout]              <Text<'a> as From<Spans<'a>>>
[INFO] [stdout]              <Text<'a> as From<String>>
[INFO] [stdout]              <Text<'a> as From<Vec<Spans<'a>>>>
[INFO] [stdout]    = note: required for `std::slice::Iter<'_, Text<'_>>` to implement `Into<Text<'_>>`
[INFO] [stdout] note: required by a bound in `Paragraph::<'a>::new`
[INFO] [stdout]   --> /opt/rustwide/cargo-home/registry/src/index.crates.io-6f17d22bba15001f/tui-0.13.0/src/widgets/paragraph.rs:97:12
[INFO] [stdout]    |
[INFO] [stdout] 95 |     pub fn new<T>(text: T) -> Paragraph<'a>
[INFO] [stdout]    |            --- required by a bound in this associated function
[INFO] [stdout] 96 |     where
[INFO] [stdout] 97 |         T: Into<Text<'a>>,
[INFO] [stdout]    |            ^^^^^^^^^^^^^^ required by this bound in `Paragraph::<'a>::new`
[INFO] [stdout] 
[INFO] [stdout] 
[INFO] [stdout] error[E0277]: the trait bound `Text<'_>: From<std::slice::Iter<'_, Text<'_>>>` is not satisfied
[INFO] [stdout]   --> src/widgets/help_menu.rs:63:18
[INFO] [stdout]    |
[INFO] [stdout] 63 |         Paragraph::new(self.text_vec.iter()).render(area, buf);
[INFO] [stdout]    |         -------------- ^^^^^^^^^^^^^^^^^^^^ the trait `From<std::slice::Iter<'_, Text<'_>>>` is not implemented for `Text<'_>`
[INFO] [stdout]    |         |
[INFO] [stdout]    |         required by a bound introduced by this call
[INFO] [stdout]    |
[INFO] [stdout]    = help: the following other types implement trait `From<T>`:
[INFO] [stdout]              <Text<'a> as From<&'a str>>
[INFO] [stdout]              <Text<'a> as From<Span<'a>>>
[INFO] [stdout]              <Text<'a> as From<Spans<'a>>>
[INFO] [stdout]              <Text<'a> as From<String>>
[INFO] [stdout]              <Text<'a> as From<Vec<Spans<'a>>>>
[INFO] [stdout]    = note: required for `std::slice::Iter<'_, Text<'_>>` to implement `Into<Text<'_>>`
[INFO] [stdout] note: required by a bound in `Paragraph::<'a>::new`
[INFO] [stdout]   --> /opt/rustwide/cargo-home/registry/src/index.crates.io-6f17d22bba15001f/tui-0.13.0/src/widgets/paragraph.rs:97:12
[INFO] [stdout]    |
[INFO] [stdout] 95 |     pub fn new<T>(text: T) -> Paragraph<'a>
[INFO] [stdout]    |            --- required by a bound in this associated function
[INFO] [stdout] 96 |     where
[INFO] [stdout] 97 |         T: Into<Text<'a>>,
[INFO] [stdout]    |            ^^^^^^^^^^^^^^ required by this bound in `Paragraph::<'a>::new`
[INFO] [stdout] 
[INFO] [stdout] 
[INFO] [stdout] error[E0277]: the trait bound `LoadAvg: Default` is not satisfied
[INFO] [stdout]   --> src/widgets/misc_info.rs:17:2
[INFO] [stdout]    |
[INFO] [stdout] 13 | #[derive(Default)]
[INFO] [stdout]    |          ------- in this derive macro expansion
[INFO] [stdout] ...
[INFO] [stdout] 17 |     load_avg: host::LoadAvg,
[INFO] [stdout]    |     ^^^^^^^^^^^^^^^^^^^^^^^ the trait `Default` is not implemented for `LoadAvg`
[INFO] [stdout]    |
[INFO] [stdout]    = note: this error originates in the derive macro `Default` (in Nightly builds, run with -Z macro-backtrace for more info)
[INFO] [stdout] 
[INFO] [stdout] 
[INFO] [stdout] error[E0277]: the trait bound `LoadAvg: Default` is not satisfied
[INFO] [stdout]   --> src/widgets/misc_info.rs:17:2
[INFO] [stdout]    |
[INFO] [stdout] 13 | #[derive(Default)]
[INFO] [stdout]    |          ------- in this derive macro expansion
[INFO] [stdout] ...
[INFO] [stdout] 17 |     load_avg: host::LoadAvg,
[INFO] [stdout]    |     ^^^^^^^^^^^^^^^^^^^^^^^ the trait `Default` is not implemented for `LoadAvg`
[INFO] [stdout]    |
[INFO] [stdout]    = note: this error originates in the derive macro `Default` (in Nightly builds, run with -Z macro-backtrace for more info)
[INFO] [stdout] 
[INFO] [stdout] 
[INFO] [stdout] error[E0308]: mismatched types
[INFO] [stdout]   --> src/widgets/misc_info.rs:52:4
[INFO] [stdout]    |
[INFO] [stdout] 48 |           set_spans(
[INFO] [stdout]    |           --------- arguments to this function are incorrect
[INFO] [stdout] ...
[INFO] [stdout] 52 | /             Spans::from(vec![
[INFO] [stdout] 53 | |                 Span::styled("Tasks: ", Style::default().fg(Color::Magenta)),
[INFO] [stdout] 54 | |                 Span::styled(
[INFO] [stdout] 55 | |                     format!("{}", self.tasks),
[INFO] [stdout] ...  |
[INFO] [stdout] 67 | |                 Span::styled(" running", Style::default().fg(Color::Magenta)),
[INFO] [stdout] 68 | |             ]),
[INFO] [stdout]    | |______________^ expected `&Spans<'_>`, found `Spans<'_>`
[INFO] [stdout]    |
[INFO] [stdout] note: function defined here
[INFO] [stdout]   --> src/widgets/misc_info.rs:36:8
[INFO] [stdout]    |
[INFO] [stdout] 36 | pub fn set_spans<'a>(buf: &mut Buffer, x: u16, y: u16, spans: &Spans<'a>) {
[INFO] [stdout]    |        ^^^^^^^^^                                       -----------------
[INFO] [stdout] help: consider borrowing here
[INFO] [stdout]    |
[INFO] [stdout] 52 |             &Spans::from(vec![
[INFO] [stdout]    |             +
[INFO] [stdout] 
[INFO] [stdout] 
[INFO] [stdout] error[E0308]: mismatched types
[INFO] [stdout]   --> src/widgets/misc_info.rs:52:4
[INFO] [stdout]    |
[INFO] [stdout] 48 |           set_spans(
[INFO] [stdout]    |           --------- arguments to this function are incorrect
[INFO] [stdout] ...
[INFO] [stdout] 52 | /             Spans::from(vec![
[INFO] [stdout] 53 | |                 Span::styled("Tasks: ", Style::default().fg(Color::Magenta)),
[INFO] [stdout] 54 | |                 Span::styled(
[INFO] [stdout] 55 | |                     format!("{}", self.tasks),
[INFO] [stdout] ...  |
[INFO] [stdout] 67 | |                 Span::styled(" running", Style::default().fg(Color::Magenta)),
[INFO] [stdout] 68 | |             ]),
[INFO] [stdout]    | |______________^ expected `&Spans<'_>`, found `Spans<'_>`
[INFO] [stdout]    |
[INFO] [stdout] note: function defined here
[INFO] [stdout]   --> src/widgets/misc_info.rs:36:8
[INFO] [stdout]    |
[INFO] [stdout] 36 | pub fn set_spans<'a>(buf: &mut Buffer, x: u16, y: u16, spans: &Spans<'a>) {
[INFO] [stdout]    |        ^^^^^^^^^                                       -----------------
[INFO] [stdout] help: consider borrowing here
[INFO] [stdout]    |
[INFO] [stdout] 52 |             &Spans::from(vec![
[INFO] [stdout]    |             +
[INFO] [stdout] 
[INFO] [stdout] 
[INFO] [stdout] error[E0308]: mismatched types
[INFO] [stdout]   --> src/widgets/misc_info.rs:75:4
[INFO] [stdout]    |
[INFO] [stdout] 71 |           set_spans(
[INFO] [stdout]    |           --------- arguments to this function are incorrect
[INFO] [stdout] ...
[INFO] [stdout] 75 | /             Spans::from(vec![
[INFO] [stdout] 76 | |                 Span::styled("Load average:", Style::default().fg(Color::Magenta)),
[INFO] [stdout] 77 | |                 Span::styled(
[INFO] [stdout] 78 | |                     format!(" {}", self.load_avg.one),
[INFO] [stdout] ...  |
[INFO] [stdout] 90 | |                 ),
[INFO] [stdout] 91 | |             ]),
[INFO] [stdout]    | |______________^ expected `&Spans<'_>`, found `Spans<'_>`
[INFO] [stdout]    |
[INFO] [stdout] note: function defined here
[INFO] [stdout]   --> src/widgets/misc_info.rs:36:8
[INFO] [stdout]    |
[INFO] [stdout] 36 | pub fn set_spans<'a>(buf: &mut Buffer, x: u16, y: u16, spans: &Spans<'a>) {
[INFO] [stdout]    |        ^^^^^^^^^                                       -----------------
[INFO] [stdout] help: consider borrowing here
[INFO] [stdout]    |
[INFO] [stdout] 75 |             &Spans::from(vec![
[INFO] [stdout]    |             +
[INFO] [stdout] 
[INFO] [stdout] 
[INFO] [stdout] error[E0308]: mismatched types
[INFO] [stdout]   --> src/widgets/misc_info.rs:75:4
[INFO] [stdout]    |
[INFO] [stdout] 71 |           set_spans(
[INFO] [stdout]    |           --------- arguments to this function are incorrect
[INFO] [stdout] ...
[INFO] [stdout] 75 | /             Spans::from(vec![
[INFO] [stdout] 76 | |                 Span::styled("Load average:", Style::default().fg(Color::Magenta)),
[INFO] [stdout] 77 | |                 Span::styled(
[INFO] [stdout] 78 | |                     format!(" {}", self.load_avg.one),
[INFO] [stdout] ...  |
[INFO] [stdout] 90 | |                 ),
[INFO] [stdout] 91 | |             ]),
[INFO] [stdout]    | |______________^ expected `&Spans<'_>`, found `Spans<'_>`
[INFO] [stdout]    |
[INFO] [stdout] note: function defined here
[INFO] [stdout]   --> src/widgets/misc_info.rs:36:8
[INFO] [stdout]    |
[INFO] [stdout] 36 | pub fn set_spans<'a>(buf: &mut Buffer, x: u16, y: u16, spans: &Spans<'a>) {
[INFO] [stdout]    |        ^^^^^^^^^                                       -----------------
[INFO] [stdout] help: consider borrowing here
[INFO] [stdout]    |
[INFO] [stdout] 75 |             &Spans::from(vec![
[INFO] [stdout]    |             +
[INFO] [stdout] 
[INFO] [stdout] 
[INFO] [stdout] error[E0609]: no field `colorscheme` on type `&mut proc::ProcWidget`
[INFO] [stdout]    --> src/widgets/proc.rs:364:11
[INFO] [stdout]     |
[INFO] [stdout] 364 |                     self.colorscheme.text,
[INFO] [stdout]     |                          ^^^^^^^^^^^ unknown field
[INFO] [stdout]     |
[INFO] [stdout]     = note: available fields are: `grouping`, `selected_row`, `selected_proc`, `sort_method`, `sort_direction` ... and 7 others
[INFO] [stdout] 
[INFO] [stdout] 
[INFO] [stdout] error[E0609]: no field `colorscheme` on type `&mut proc::ProcWidget`
[INFO] [stdout]    --> src/widgets/proc.rs:368:22
[INFO] [stdout]     |
[INFO] [stdout] 368 |         .header_style(self.colorscheme.text.modifier(Modifier::BOLD))
[INFO] [stdout]     |                            ^^^^^^^^^^^ unknown field
[INFO] [stdout]     |
[INFO] [stdout]     = note: available fields are: `grouping`, `selected_row`, `selected_proc`, `sort_method`, `sort_direction` ... and 7 others
[INFO] [stdout] 
[INFO] [stdout] 
[INFO] [stdout] error[E0609]: no field `colorscheme` on type `&mut proc::ProcWidget`
[INFO] [stdout]    --> src/widgets/proc.rs:364:11
[INFO] [stdout]     |
[INFO] [stdout] 364 |                     self.colorscheme.text,
[INFO] [stdout]     |                          ^^^^^^^^^^^ unknown field
[INFO] [stdout]     |
[INFO] [stdout]     = note: available fields are: `grouping`, `selected_row`, `selected_proc`, `sort_method`, `sort_direction` ... and 7 others
[INFO] [stdout] 
[INFO] [stdout] 
[INFO] [stdout] error[E0609]: no field `colorscheme` on type `&mut proc::ProcWidget`
[INFO] [stdout]    --> src/widgets/proc.rs:368:22
[INFO] [stdout]     |
[INFO] [stdout] 368 |         .header_style(self.colorscheme.text.modifier(Modifier::BOLD))
[INFO] [stdout]     |                            ^^^^^^^^^^^ unknown field
[INFO] [stdout]     |
[INFO] [stdout]     = note: available fields are: `grouping`, `selected_row`, `selected_proc`, `sort_method`, `sort_direction` ... and 7 others
[INFO] [stdout] 
[INFO] [stdout] 
[INFO] [stdout] error[E0599]: no method named `set_modifier` found for mutable reference `&mut tui::buffer::Cell` in the current scope
[INFO] [stdout]    --> src/widgets/proc.rs:391:11
[INFO] [stdout]     |
[INFO] [stdout] 391 |                     cell.set_modifier(Modifier::REVERSED);
[INFO] [stdout]     |                          ^^^^^^^^^^^^ help: there is a method with a similar name: `set_fg`
[INFO] [stdout] 
[INFO] [stdout] 
[INFO] [stdout] error[E0609]: no field `colorscheme` on type `&mut proc::ProcWidget`
[INFO] [stdout]    --> src/widgets/proc.rs:392:23
[INFO] [stdout]     |
[INFO] [stdout] 392 |                     cell.set_fg(self.colorscheme.proc_cursor);
[INFO] [stdout]     |                                      ^^^^^^^^^^^ unknown field
[INFO] [stdout]     |
[INFO] [stdout]     = note: available fields are: `grouping`, `selected_row`, `selected_proc`, `sort_method`, `sort_direction` ... and 7 others
[INFO] [stdout] 
[INFO] [stdout] 
[INFO] [stdout] error[E0609]: no field `colorscheme` on type `&mut proc::ProcWidget`
[INFO] [stdout]    --> src/widgets/proc.rs:394:23
[INFO] [stdout]     |
[INFO] [stdout] 394 |                     cell.set_bg(self.colorscheme.proc_cursor);
[INFO] [stdout]     |                                      ^^^^^^^^^^^ unknown field
[INFO] [stdout]     |
[INFO] [stdout]     = note: available fields are: `grouping`, `selected_row`, `selected_proc`, `sort_method`, `sort_direction` ... and 7 others
[INFO] [stdout] 
[INFO] [stdout] 
[INFO] [stdout] error[E0599]: no method named `set_modifier` found for mutable reference `&mut tui::buffer::Cell` in the current scope
[INFO] [stdout]    --> src/widgets/proc.rs:391:11
[INFO] [stdout]     |
[INFO] [stdout] 391 |                     cell.set_modifier(Modifier::REVERSED);
[INFO] [stdout]     |                          ^^^^^^^^^^^^ help: there is a method with a similar name: `set_fg`
[INFO] [stdout] 
[INFO] [stdout] 
[INFO] [stdout] error[E0609]: no field `colorscheme` on type `&mut proc::ProcWidget`
[INFO] [stdout]    --> src/widgets/proc.rs:392:23
[INFO] [stdout]     |
[INFO] [stdout] 392 |                     cell.set_fg(self.colorscheme.proc_cursor);
[INFO] [stdout]     |                                      ^^^^^^^^^^^ unknown field
[INFO] [stdout]     |
[INFO] [stdout]     = note: available fields are: `grouping`, `selected_row`, `selected_proc`, `sort_method`, `sort_direction` ... and 7 others
[INFO] [stdout] 
[INFO] [stdout] 
[INFO] [stdout] error[E0609]: no field `colorscheme` on type `&mut proc::ProcWidget`
[INFO] [stdout]    --> src/widgets/proc.rs:394:23
[INFO] [stdout]     |
[INFO] [stdout] 394 |                     cell.set_bg(self.colorscheme.proc_cursor);
[INFO] [stdout]     |                                      ^^^^^^^^^^^ unknown field
[INFO] [stdout]     |
[INFO] [stdout]     = note: available fields are: `grouping`, `selected_row`, `selected_proc`, `sort_method`, `sort_direction` ... and 7 others
[INFO] [stdout] 
[INFO] [stdout] 
[INFO] [stdout] error[E0308]: mismatched types
[INFO] [stdout]    --> src/main.rs:120:50
[INFO] [stdout]     |
[INFO] [stdout] 120 |     let app_dirs = AppDirs::new(Some(PROGRAM_NAME), true).unwrap();
[INFO] [stdout]     |                    ------------                     ^^^^ expected `AppUI`, found `bool`
[INFO] [stdout]     |                    |
[INFO] [stdout]     |                    arguments to this function are incorrect
[INFO] [stdout]     |
[INFO] [stdout] note: associated function defined here
[INFO] [stdout]    --> /opt/rustwide/cargo-home/registry/src/index.crates.io-6f17d22bba15001f/platform-dirs-0.2.0/src/lib.rs:44:12
[INFO] [stdout]     |
[INFO] [stdout] 44  |     pub fn new(prefix: Option<&str>, app_ui: AppUI) -> Option<Self> {
[INFO] [stdout]     |            ^^^
[INFO] [stdout] 
[INFO] [stdout] 
[INFO] [stdout] error[E0423]: expected function, found module `draw`
[INFO] [stdout]    --> src/main.rs:143:2
[INFO] [stdout]     |
[INFO] [stdout] 143 |     draw(&mut terminal, &mut app);
[INFO] [stdout]     |     ^^^^ not a function
[INFO] [stdout]     |
[INFO] [stdout] help: use the `.` operator to call the method `draw` on `&mut Terminal<CrosstermBackend<Stdout>>`
[INFO] [stdout]     |
[INFO] [stdout] 143 |     (&mut terminal).draw(&mut app);
[INFO] [stdout]     |     ~             ~~~~~~~~~~~~~~~~
[INFO] [stdout] 
[INFO] [stdout] 
[INFO] [stdout] error[E0423]: expected function, found module `draw`
[INFO] [stdout]    --> src/main.rs:205:11
[INFO] [stdout]     |
[INFO] [stdout] 205 | ...                   draw(&mut terminal, &mut app);
[INFO] [stdout]     |                       ^^^^ not a function
[INFO] [stdout]     |
[INFO] [stdout] help: use the `.` operator to call the method `draw` on `&mut Terminal<CrosstermBackend<Stdout>>`
[INFO] [stdout]     |
[INFO] [stdout] 205 |                                         (&mut terminal).draw(&mut app);
[INFO] [stdout]     |                                         ~             ~~~~~~~~~~~~~~~~
[INFO] [stdout] 
[INFO] [stdout] 
[INFO] [stdout] error[E0308]: mismatched types
[INFO] [stdout]    --> src/main.rs:120:50
[INFO] [stdout]     |
[INFO] [stdout] 120 |     let app_dirs = AppDirs::new(Some(PROGRAM_NAME), true).unwrap();
[INFO] [stdout]     |                    ------------                     ^^^^ expected `AppUI`, found `bool`
[INFO] [stdout]     |                    |
[INFO] [stdout]     |                    arguments to this function are incorrect
[INFO] [stdout]     |
[INFO] [stdout] note: associated function defined here
[INFO] [stdout]    --> /opt/rustwide/cargo-home/registry/src/index.crates.io-6f17d22bba15001f/platform-dirs-0.2.0/src/lib.rs:44:12
[INFO] [stdout]     |
[INFO] [stdout] 44  |     pub fn new(prefix: Option<&str>, app_ui: AppUI) -> Option<Self> {
[INFO] [stdout]     |            ^^^
[INFO] [stdout] 
[INFO] [stdout] 
[INFO] [stdout] error[E0423]: expected function, found module `draw`
[INFO] [stdout]    --> src/main.rs:143:2
[INFO] [stdout]     |
[INFO] [stdout] 143 |     draw(&mut terminal, &mut app);
[INFO] [stdout]     |     ^^^^ not a function
[INFO] [stdout]     |
[INFO] [stdout] help: use the `.` operator to call the method `draw` on `&mut Terminal<CrosstermBackend<Stdout>>`
[INFO] [stdout]     |
[INFO] [stdout] 143 |     (&mut terminal).draw(&mut app);
[INFO] [stdout]     |     ~             ~~~~~~~~~~~~~~~~
[INFO] [stdout] 
[INFO] [stdout] 
[INFO] [stdout] error: aborting due to 19 previous errors
[INFO] [stdout] 
[INFO] [stdout] 
[INFO] [stdout] Some errors have detailed explanations: E0277, E0308, E0423, E0425, E0428, E0599, E0609.
[INFO] [stdout] 
[INFO] [stdout] For more information about an error, try `rustc --explain E0277`.
[INFO] [stdout] 
[INFO] [stdout] error[E0423]: expected function, found module `draw`
[INFO] [stdout]    --> src/main.rs:205:11
[INFO] [stdout]     |
[INFO] [stdout] 205 | ...                   draw(&mut terminal, &mut app);
[INFO] [stdout]     |                       ^^^^ not a function
[INFO] [stdout]     |
[INFO] [stdout] help: use the `.` operator to call the method `draw` on `&mut Terminal<CrosstermBackend<Stdout>>`
[INFO] [stdout]     |
[INFO] [stdout] 205 |                                         (&mut terminal).draw(&mut app);
[INFO] [stdout]     |                                         ~             ~~~~~~~~~~~~~~~~
[INFO] [stdout] 
[INFO] [stdout] 
[INFO] [stdout] error: aborting due to 19 previous errors
[INFO] [stdout] 
[INFO] [stdout] 
[INFO] [stdout] Some errors have detailed explanations: E0277, E0308, E0423, E0425, E0428, E0599, E0609.
[INFO] [stdout] 
[INFO] [stdout] For more information about an error, try `rustc --explain E0277`.
[INFO] [stdout] 
[INFO] [stderr] error: could not compile `neotop` (bin "neotop" test) due to 20 previous errors
[INFO] [stderr] warning: build failed, waiting for other jobs to finish...
[INFO] [stderr] error: could not compile `neotop` (bin "neotop") due to 20 previous errors
[INFO] running `Command { std: "docker" "inspect" "1a295051f9ea6e867e36e2741b564a8b01f51bed1dd4a184a6634f04905fc99e", kill_on_drop: false }`
[INFO] running `Command { std: "docker" "rm" "-f" "1a295051f9ea6e867e36e2741b564a8b01f51bed1dd4a184a6634f04905fc99e", kill_on_drop: false }`
[INFO] [stdout] 1a295051f9ea6e867e36e2741b564a8b01f51bed1dd4a184a6634f04905fc99e
